se 4
-1
What is 1 (base 15) in base 14?
1
4 (base 12) to base 2
100
What is -32 (base 5) in base 14?
-13
What is -2 (base 8) in base 16?
-2
What is 61 (base 7) in base 3?
1121
What is 266 (base 8) in base 3?
20202
What is 0 (base 10) in base 5?
0
What is 202 (base 3) in base 9?
22
-1 (base 8) to base 14
-1
What is 3 (base 5) in base 8?
3
What is 166 (base 8) in base 5?
433
What is -1000100 (base 2) in base 16?
-44
What is -4 (base 14) in base 3?
-11
What is b (base 14) in base 8?
13
What is 5 (base 8) in base 13?
5
16 (base 10) to base 9
17
What is -7 (base 8) in base 13?
-7
What is -18 (base 15) in base 7?
-32
Convert -22 (base 13) to base 2.
-11100
-20 (base 4) to base 3
-22
Convert -3 (base 14) to base 3.
-10
What is 1f (base 16) in base 2?
11111
-29 (base 16) to base 15
-2b
What is -40 (base 9) in base 4?
-210
-10 (base 3) to base 14
-3
What is -9b (base 15) in base 2?
-10010010
What is 4 (base 10) in base 13?
4
What is 2 (base 11) in base 15?
2
-41 (base 5) to base 14
-17
What is 30 (base 9) in base 4?
123
10 (base 13) to base 10
13
Convert -7 (base 14) to base 8.
-7
103 (base 4) to base 11
18
What is -12 (base 4) in base 7?
-6
Convert 42 (base 8) to base 13.
28
What is 0 (base 8) in base 6?
0
Convert -104 (base 7) to base 11.
-49
Convert -1144 (base 5) to base 13.
-105
16 (base 12) to base 5
33
What is -213 (base 6) in base 7?
-144
Convert 111 (base 5) to base 8.
37
What is 3 (base 14) in base 8?
3
26 (base 14) to base 10
34
Convert 46 (base 16) to base 11.
64
-5 (base 15) to base 3
-12
Convert -41 (base 8) to base 16.
-21
-6 (base 10) to base 3
-20
36 (base 11) to base 9
43
What is -1 (base 7) in base 14?
-1
What is 21 (base 6) in base 9?
14
115 (base 14) to base 2
11010111
Convert 30 (base 12) to base 16.
24
What is -21 (base 10) in base 7?
-30
Convert -402 (base 6) to base 9.
-172
10 (base 10) to base 15
a
What is -2 (base 16) in base 2?
-10
Convert -a3 (base 12) to base 10.
-123
0 (base 14) to base 13
0
Convert 2 (base 8) to base 3.
2
-11110 (base 3) to base 5
-440
What is -79 (base 11) in base 16?
-56
Convert -3 (base 6) to base 8.
-3
Convert -143 (base 5) to base 9.
-53
Convert -12 (base 11) to base 8.
-15
What is -34 (base 11) in base 6?
-101
2 (base 14) to base 5
2
-1000 (base 4) to base 10
-64
Convert 21011 (base 3) to base 6.
521
-11101 (base 3) to base 16
-76
-83 (base 16) to base 8
-203
Convert 15 (base 11) to base 4.
100
Convert 7 (base 16) to base 13.
7
Convert -39 (base 12) to base 11.
-41
What is 3 (base 9) in base 10?
3
12 (base 9) to base 13
b
10 (base 11) to base 15
b
Convert 8 (base 10) to base 3.
22
-5 (base 14) to base 2
-101
What is 12 (base 3) in base 11?
5
What is 11111 (base 3) in base 8?
171
-15 (base 8) to base 3
-111
3 (base 11) to base 12
3
What is 66 (base 14) in base 8?
132
-2 (base 9) to base 3
-2
Convert 36 (base 8) to base 16.
1e
Convert -3 (base 16) to base 11.
-3
1a (base 16) to base 9
28
What is -204 (base 6) in base 7?
-136
What is 21 (base 13) in base 16?
1b
-4 (base 8) to base 10
-4
Convert 16 (base 9) to base 2.
1111
What is -3 (base 16) in base 11?
-3
What is 8 (base 12) in base 14?
8
-8 (base 12) to base 7
-11
21 (base 4) to base 13
9
10 (base 2) to base 3
2
244 (base 5) to base 9
82
Convert -6 (base 14) to base 5.
-11
Convert 0 (base 5) to base 6.
0
What is 4 (base 9) in base 16?
4
-4 (base 15) to base 6
-4
What is 51 (base 12) in base 16?
3d
Convert 3 (base 13) to base 5.
3
What is -99 (base 11) in base 16?
-6c
-9b (base 13) to base 9
-152
-222 (base 4) to base 7
-60
3b (base 12) to base 8
57
What is 25 (base 15) in base 16?
23
What is -11110001 (base 2) in base 8?
-361
What is 3 (base 9) in base 5?
3
5 (base 9) to base 16
5
What is 1 (base 11) in base 5?
1
What is -10010 (base 2) in base 16?
-12
-3 (base 14) to base 12
-3
Convert -1 (base 3) to base 7.
-1
-31 (base 7) to base 10
-22
What is a (base 11) in base 15?
a
-3 (base 13) to base 2
-11
What is 221 (base 7) in base 10?
113
11000110 (base 2) to base 11
170
-311 (base 9) to base 2
-11111101
Convert -111 (base 3) to base 7.
-16
What is -20 (base 3) in base 9?
-6
-12 (base 10) to base 12
-10
-111101 (base 2) to base 5
-221
What is 553 (base 7) in base 3?
101111
-22 (base 11) to base 4
-120
-b (base 12) to base 4
-23
Convert 20 (base 6) to base 4.
30
Convert 7 (base 9) to base 5.
12
What is 10 (base 11) in base 12?
b
1 (base 3) to base 9
1
What is -24 (base 8) in base 16?
-14
-1 (base 14) to base 5
-1
Convert 3 (base 16) to base 7.
3
-100 (base 7) to base 2
-110001
Convert 32 (base 6) to base 12.
18
Convert 1 (base 3) to base 11.
1
12 (base 8) to base 11
a
What is -2 (base 6) in base 14?
-2
Convert -5 (base 14) to base 6.
-5
-251 (base 6) to base 16
-67
Convert -23 (base 5) to base 4.
-31
53 (base 10) to base 13
41
What is 4 (base 11) in base 8?
4
Convert 4 (base 10) to base 15.
4
-19 (base 12) to base 10
-21
Convert -4 (base 12) to base 2.
-100
Convert -1 (base 13) to base 3.
-1
-1 (base 5) to base 13
-1
What is -ad (base 15) in base 5?
-1123
Convert 251 (base 7) to base 6.
342
What is 7 (base 12) in base 3?
21
Convert -11 (base 5) to base 3.
-20
Convert -123 (base 4) to base 16.
-1b
Convert 2 (base 11) to base 2.
10
Convert -4c (base 15) to base 8.
-110
Convert 13 (base 12) to base 4.
33
-42 (base 8) to base 12
-2a
Convert 8 (base 13) to base 3.
22
Convert -12 (base 3) to base 10.
-5
What is -4 (base 9) in base 4?
-10
Convert -35 (base 10) to base 12.
-2b
What is -2100 (base 4) in base 5?
-1034
Convert -7 (base 14) to base 12.
-7
Convert -5 (base 6) to base 3.
-12
What is -2c (base 16) in base 14?
-32
What is 3 (base 14) in base 2?
11
Convert -3 (base 11) to base 14.
-3
What is 4 (base 10) in base 3?
11
What is -111 (base 4) in base 15?
-16
What is 1d (base 16) in base 13?
23
-4 (base 8) to base 5
-4
-11 (base 11) to base 6
-20
What is 3 (base 9) in base 11?
3
Convert -28 (base 9) to base 8.
-32
Convert 1220 (base 5) to base 14.
d3
What is -7 (base 12) in base 4?
-13
0 (base 7) to base 3
0
What is -22211 (base 3) in base 11?
-1a7
Convert -9 (base 12) to base 11.
-9
What is -101 (base 2) in base 7?
-5
Convert -70 (base 11) to base 15.
-52
Convert 2 (base 11) to base 14.
2
What is 1 (base 14) in base 10?
1
What is 5 (base 7) in base 16?
5
What is -65 (base 12) in base 8?
-115
Convert -305 (base 6) to base 12.
-95
-33 (base 4) to base 11
-14
Convert 3 (base 8) to base 14.
3
Convert 12 (base 4) to base 14.
6
12 (base 3) to base 16
5
Convert 27 (base 9) to base 4.
121
0 (base 6) to base 3
0
65 (base 12) to base 14
57
Convert b (base 12) to base 10.
11
-12 (base 7) to base 4
-21
Convert -9 (base 16) to base 13.
-9
53 (base 6) to base 16
21
Convert 175 (base 9) to base 3.
12112
-1a (base 16) to base 12
-22
-3 (base 11) to base 15
-3
-7 (base 15) to base 8
-7
Convert 2020 (base 3) to base 2.
111100
What is 0 (base 16) in base 11?
0
Convert -45 (base 12) to base 10.
-53
-1 (base 12) to base 5
-1
What is b (base 13) in base 2?
1011
What is -1 (base 8) in base 7?
-1
3 (base 13) to base 2
11
12 (base 6) to base 4
20
c (base 16) to base 13
c
What is -12 (base 9) in base 4?
-23
What is 40 (base 7) in base 11?
26
-7 (base 9) to base 11
-7
3 (base 8) to base 9
3
What is 3 (base 11) in base 14?
3
-212 (base 5) to base 6
-133
-11 (base 8) to base 3
-100
-3 (base 9) to base 8
-3
What is 0 (base 10) in base 15?
0
Convert -a (base 13) to base 10.
-10
Convert 1 (base 12) to base 15.
1
Convert 122 (base 6) to base 12.
42
What is -4d (base 14) in base 11?
-63
-312 (base 4) to base 14
-3c
-44 (base 13) to base 5
-211
What is 3 (base 7) in base 4?
3
What is 120 (base 7) in base 11?
58
Convert a (base 14) to base 6.
14
What is 163 (base 7) in base 8?
136
Convert -5 (base 8) to base 16.
-5
Convert -2 (base 9) to base 12.
-2
Convert 3 (base 6) to base 5.
3
Convert -101011 (base 3) to base 2.
-100010010
What is 15 (base 16) in base 8?
25
Convert 26 (base 10) to base 8.
32
2 (base 16) to base 15
2
202 (base 4) to base 13
28
Convert -2203 (base 4) to base 8.
-243
1241 (base 5) to base 11
169
Convert -1 (base 10) to base 15.
-1
-21 (base 5) to base 14
-b
-46 (base 10) to base 6
-114
1 (base 14) to base 2
1
What is -1d (base 16) in base 13?
-23
Convert 214 (base 6) to base 2.
1010010
Convert 16 (base 7) to base 14.
d
-101000011 (base 2) to base 4
-11003
Convert 1 (ba